{"id":11,"date":"2022-01-31T09:52:46","date_gmt":"2022-01-31T09:52:46","guid":{"rendered":"https:\/\/st.jacob.peberholm.dk\/?page_id=11"},"modified":"2022-01-31T09:57:04","modified_gmt":"2022-01-31T09:57:04","slug":"fatima","status":"publish","type":"page","link":"https:\/\/st.jacob.peberholm.dk\/?page_id=11","title":{"rendered":"Fatima"},"content":{"rendered":"\n<p><strong>Fatima, Portugal:<\/strong><\/p>\n\n\n\n<p>I Fatima, der ligger i Portugal godt og vel halvvejs mellem Lissabon og Oporto, viste Jomfru Maria sig fra 13. august til 13. oktober 1917 flere gange for tre sm\u00e5 hyrdeb\u00f8rn, Francisco, Jacinta og Lucia. F\u00f8rste gang viste Jomfru Maria sig omgivet af en smukt lyssk\u00e6r over et egetr\u00e6.<\/p>\n\n\n\n<p><strong>Ballade:<\/strong><br>Det er klart, at n\u00e5r tre sm\u00e5 hyrdeb\u00f8rn kommer hjem og siger til deres mor, at de har set og talt med Jomfru Maria, ja s\u00e5 kan det kun ende med ballade derhjemme, n\u00e5r man siger den slags pjat. Mor fort\u00e6ller det naturligvis til far, som kommer til at n\u00e6vne det for naboen, og s\u00e5 starter balladen. Folk begynder at snakke, og myndighederne begynder ogs\u00e5 at r\u00f8re p\u00e5 sig. Folk snakker om, at b\u00f8rnene kunne v\u00e6re besat af dj\u00e6velen. Lucia bliver sur og beder ved sit n\u00e6ste m\u00f8de damen i lysk\u00e6ret, om at g\u00f8re et under for nu ogs\u00e5 at bekr\u00e6fte, at hun nu virkelig ogs\u00e5 er Jomfru Maria. Jomfru Maria lover, at der den 13.oktober vil ske et under, og at hun her vil \u00e5benbare, hvem hun er.<\/p>\n\n\n\n<p><strong>Jomfru Maria viser sig igen<\/strong>:<br>Jomfru Maria siger til b\u00f8rnene, at de skal komme igen hver den 13. i m\u00e5neden. Det g\u00f8r de, og hver gang kommer der flere og flere mennesker med. B\u00f8rnene er dog forhindret i at komme den 13. august, da myndighederne har f\u00e5et nok, og har indesp\u00e6rret dem. Jomfru Maria \u00e5benbarer sig i stedet i Valinhos t\u00e6t p\u00e5 b\u00f8rnenes barndomshjem den 19. august.<\/p>\n\n\n\n<p>Sidste gang Jomfru Maria \u00e5benbarer sig for de tre hyrdeb\u00f8rn er den 13. oktober 1917. Denne dag viser Jomfru Maria sig og siger: &#8220;Jeg er Rosenkransens Dronning og et kapel skal bygges her. Jesus m\u00e5 ikke s\u00e5res mere. Han har lidt alt for meget.&#8221; Ved denne lejlighed sker der et under, s\u00e5ledes som Jomfru Maria har lovet, s\u00e5 m\u00e6ngden af nysgerrige kan se, at b\u00f8rnene taler sandt. Over 70.000 mennesker er forsamlet. Pludselig er det som om, at solen snurrer rundt og ser ud til at styrte ned i hovedet p\u00e5 den forsamlede menneskem\u00e6ngde. F\u00e6nomenent er rapporteret set s\u00e5 langt v\u00e6k som 40 km. fra Fatima.<\/p>\n\n\n\n<p><strong>Jomfru Marias uplettede hjerte:<\/strong><br>Jomfru Maria sp\u00f8rger b\u00f8rnene, om de er rede til at bringe ethvert offer og p\u00e5tage sig enhver lidelse, som Gud m\u00e5tte sende til dem, til sone for de mange syndere, og derved opn\u00e5 syndernes omvendelse. Hun forudsiger, at b\u00f8rnene vil komme til at lide meget, men at Guds n\u00e5de vil styrke og tr\u00f8ste dem. Hun siger, at Gud snart vil hente Jacinta og Francisco hjem; men Lucia skal leve i mange \u00e5r og l\u00e6re at l\u00e6se og skrive, for at mennesker kan l\u00e6re om Jomfu Marias uplettede hjerte. &#8220;Jesus vil g\u00f8re opm\u00e6rksom p\u00e5 mit rene hjerte, og love dem der \u00e6rer dette hjerte, frelse.&#8221; Francisco og Jacinta, d\u00f8r i 1918 under pandemien, Den Spanske Syge, der h\u00e6rgede hele verden p\u00e5 det tidspunkt.<\/p>\n\n\n\n<p><strong>Fatimas 3 hemmeligheder:<\/strong><br>B\u00f8rnene f\u00e5r en r\u00e6kke visioner og et glimt af Helvedes ild og r\u00e6dsler. De f\u00e5r ogs\u00e5 tre s\u00e5kaldte hemmeligheder:<\/p>\n\n\n\n<p><strong>1.<\/strong>&nbsp;Rosenkransb\u00f8n kan g\u00f8re en snarlig ende p\u00e5 F\u00f8rste Verdenskrig. En st\u00f8rre og endnu mere r\u00e6dselsfuld krig, Anden Verdenskrig, skal komme; men Portugal vil blive sk\u00e5net. Krigen kan kun forhindres ved tilstr\u00e6kkelig b\u00f8n og bod.<\/p>\n\n\n\n<p><strong>2.&nbsp;<\/strong>Gennem bod og b\u00f8n, og ved at indvie Rusland til Marias uplettede hjerte kan man hindre Ruslands ateistiske m\u00f8rke i at s\u00e6nke sig over hele jorden. Den kommunistiske revolution bryder ud i Rusland i oktober 1917. Pave Johannes Paul II indvier mange \u00e5r senere, i 1984, endelig Rusland til Jomfru Marias uplettede hjerte og \u00d8steuropa begynder at t\u00f8 op, og regimerne i \u00f8st begynder at smuldre. Fem \u00e5r senere falder Berlinmuren, der har holdt menneskene i \u00d8sttyskland indesp\u00e6rret siden 13. august 1961. Et stykke af den st\u00e5r nu i Fatima.<\/p>\n\n\n\n<p><strong>3.<\/strong>&nbsp;Biskoppen i den hvide dragt (Paven) vil blive angrebet og bragt i livsfare, og kirken vil komme ud i en dyb krise. Pave Johannes Paul II bliver rent faktisk skudt den 13. maj 1981; men kuglen undg\u00e5r p\u00e5 mirakul\u00f8s vis de vitale organer. Kuglen er nu indsat i kronen, der er sat p\u00e5 hovedet af processionsstatuen af Vor Frue af Fatima. I sidste ende vil Jomfru Marias uplettede hjerte sejre. Nogle p\u00e5star, at Vatikanet stadig skjuler en del af indholdet af denne sidste hemmelighed for de troende.<\/p>\n\n\n\n<p><strong>Fatima et pilgrimssted:<\/strong><br>For en almindelig dansk turist er Fatima et sted, der er overset p\u00e5 et par timer. Man ser den smukke Basilika, hvor de tre hyrdeb\u00f8rn ligger begravet. Jacinta og Francisco er nu saligk\u00e5ret. Endvidere ser man det store egetr\u00e6, hvor Jomfru Maria viste sig for b\u00f8rnene, \u00e5benbaringskapellet med figuren der forestiller Vor Frue af Fatima, en sektion af Berlinmuren og den store nye basilika, der blev indviet p\u00e5 90 \u00e5rs dagen for underet i Fatima. Selvf\u00f8lgelig kommer man heller ikke uden om de mange cafeer, hoteller, og souvenirboder, der altid skyder op ved et pilgrimssted; men Fatima er et sted for b\u00f8n og fordybelse for de troende.<\/p>\n\n\n\n<p><strong>Rosenkransb\u00f8n og procession:<\/strong><br>Om aftenen kl. 21.30 forsamles Fatimas pilgrimme i og omkring \u00e5benbaringskapellet, for sammen at bede rosenkransen. Det foreg\u00e5r p\u00e5 forskellige sprog, hvilket understreger, at den katolske kirke med sine 1,2 milliarder medlemmer er en verdenskirke. Den 12. og 13. er der efter rosenkransen procession, hvor de troende under salmesang og med t\u00e6ndte lys f\u00f8lger efter statuen af Vor Frue af Fatima, der b\u00e6res rundt p\u00e5 pladsen foran \u00e5benbaringskapellet. Herefter er der messe, og den 13. afsluttes h\u00f8jtidelighederne med, at Det Hellige Sakramente bliver stillet frem p\u00e5 alteret og der afsluttes med sakramental velsignelse. I sommerm\u00e5nederne fra 12. maj til 13. oktober er der mange pilgrimme, mens der resten af \u00e5ret er ret stille.<\/p>\n\n\n\n<p><strong>Inspirationen fra Fatima:<\/strong><br>De tre hyrdeb\u00f8rn fra Fatima fascinerer ved deres eksempel, ved at bede, ja endog g\u00f8re bod p\u00e5 andres vegne. N\u00e5r man bekender sig til de helliges samfund, som efter katolsk opfattelse best\u00e5r af de levende, de d\u00f8de og de endnu uf\u00f8dte, s\u00e5 er det vel ikke umuligt at bede, g\u00f8re bod eller g\u00f8re gode gerninger p\u00e5 andres vegne. Vi m\u00e5 og kan naturligvis ikke tale med de afd\u00f8de; men vi kan bede for dem. M\u00e5ske tror mennesker af i dag ikke, at det er n\u00f8dvendigt at bede i det hele taget. De har m\u00e5ske glemt, hvordan man g\u00f8r, eller er slet ikke klar over det. M\u00e5ske har de ikke nogen i familien, der i trygge rammer har kunnet l\u00e6re dem det, fordi heller ikke nogen i de \u00e6ldre generationer i familien har haft en trosspraksis og tradition at videregive, eller nogen troskilde at \u00f8se af. Her kan vi andre komme til hj\u00e6lp, og g\u00f8re det for dem. Vi kan bede de b\u00f8nner og g\u00f8re den bod, den anden skulle have gjort.<\/p>\n\n\n\n<p>I Det Ny Testamente mere end antydes det flere steder at en stedfortr\u00e6dene b\u00f8n faktisk er virksom, som f.eks. den romerske befalingsmand, der kommer til Jesus og beder ham helbrede hans tjener, som ligger syg. Jesus siger til ham: &#8220;G\u00e5 blot hjem, din tro har frelst ham.&#8221; I Biblen st\u00e5r der i Makab\u00e6erb\u00f8gerne, at det er gavnligt at bede for de afd\u00f8de. Denne del af Biblen blev fjernet i den lutherske udgave i forbindelse med reformationen, men findes stadig i den katolske udgave.<\/p>\n\n\n\n<div class=\"wp-block-image\"><figure class=\"aligncenter size-large\"><img loading=\"lazy\" decoding=\"async\" width=\"1024\" height=\"768\" src=\"https:\/\/st.jacob.peberholm.dk\/wp-content\/uploads\/2022\/01\/IMG0640-1024x768.jpg\" alt=\"\" class=\"wp-image-16\" srcset=\"https:\/\/st.jacob.peberholm.dk\/wp-content\/uploads\/2022\/01\/IMG0640-1024x768.jpg 1024w, https:\/\/st.jacob.peberholm.dk\/wp-content\/uploads\/2022\/01\/IMG0640-300x225.jpg 300w, https:\/\/st.jacob.peberholm.dk\/wp-content\/uploads\/2022\/01\/IMG0640-768x576.jpg 768w, https:\/\/st.jacob.peberholm.dk\/wp-content\/uploads\/2022\/01\/IMG0640-1536x1152.jpg 1536w, https:\/\/st.jacob.peberholm.dk\/wp-content\/uploads\/2022\/01\/IMG0640-2048x1536.jpg 2048w\" sizes=\"auto, (max-width: 1024px) 100vw, 1024px\" \/><figcaption>Fatima<\/figcaption><\/figure><\/div>\n","protected":false},"excerpt":{"rendered":"<p>Fatima, Portugal: I Fatima, der ligger i Portugal godt og vel halvvejs mellem Lissabon og Oporto, viste Jomfru Maria sig fra 13. august til 13. oktober 1917 flere gange for tre sm\u00e5 hyrdeb\u00f8rn, Francisco, Jacinta og Lucia. F\u00f8rste gang viste Jomfru Maria sig omgivet af en smukt lyssk\u00e6r over et egetr\u00e6. Ballade:Det er klart, at &hellip;<\/p>\n","protected":false},"author":1,"featured_media":0,"parent":0,"menu_order":0,"comment_status":"closed","ping_status":"closed","template":"","meta":{"footnotes":""},"class_list":["post-11","page","type-page","status-publish","hentry"],"_links":{"self":[{"href":"https:\/\/st.jacob.peberholm.dk\/index.php?rest_route=\/wp\/v2\/pages\/11","targetHints":{"allow":["GET"]}}],"collection":[{"href":"https:\/\/st.jacob.peberholm.dk\/index.php?rest_route=\/wp\/v2\/pages"}],"about":[{"href":"https:\/\/st.jacob.peberholm.dk\/index.php?rest_route=\/wp\/v2\/types\/page"}],"author":[{"embeddable":true,"href":"https:\/\/st.jacob.peberholm.dk\/index.php?rest_route=\/wp\/v2\/users\/1"}],"replies":[{"embeddable":true,"href":"https:\/\/st.jacob.peberholm.dk\/index.php?rest_route=%2Fwp%2Fv2%2Fcomments&post=11"}],"version-history":[{"count":3,"href":"https:\/\/st.jacob.peberholm.dk\/index.php?rest_route=\/wp\/v2\/pages\/11\/revisions"}],"predecessor-version":[{"id":218,"href":"https:\/\/st.jacob.peberholm.dk\/index.php?rest_route=\/wp\/v2\/pages\/11\/revisions\/218"}],"wp:attachment":[{"href":"https:\/\/st.jacob.peberholm.dk\/index.php?rest_route=%2Fwp%2Fv2%2Fmedia&parent=11"}],"curies":[{"name":"wp","href":"https:\/\/api.w.org\/{rel}","templated":true}]}}