{"id":204,"date":"2023-03-12T18:05:53","date_gmt":"2023-03-12T17:05:53","guid":{"rendered":"https:\/\/st.jacob.peberholm.dk\/?page_id=204"},"modified":"2024-01-24T11:27:56","modified_gmt":"2024-01-24T10:27:56","slug":"budskaber-medjugorje-2012","status":"publish","type":"page","link":"https:\/\/st.jacob.peberholm.dk\/?page_id=204","title":{"rendered":"Budskaber Medjugorje, 2012"},"content":{"rendered":"<div id=\"content\" class=\"site-content\">\n<div class=\"wrap\">\n<div id=\"primary\" class=\"content-area\">\n<h2><strong>Budskaber Medjugorje, 2012<\/strong><\/h2>\n<article id=\"post-59\" class=\"post-59 page type-page status-publish hentry\">\n<div class=\"entry-content\">\n<p><strong>Julebudskab til Marija d. 25. december 2012:<\/strong><br \/>\nJomfru Maria kom med Jesusbarnet i sine arme og hun gav ikke noget budskab, men Jesusbarnet begyndte at tale og sagde: \u201d Jeg er jeres fred, lev mine bud!\u201d Med korsets tegn velsignede Jomfru Maria og Jesusbarnet os sammen.<\/p>\n<p><strong>Budskab til Mirjana d. 2 december 2012:<\/strong><br \/>\n\u201cK\u00e6re b\u00f8rn! Med moderlig k\u00e6rlighed og moderlig t\u00e5lmodighed kalder jeg jer atter til at leve i overensstemmelse med min S\u00f8n, til at sprede Hans fred og Hans k\u00e6rlighed, s\u00e5 at I, som mine apostle, m\u00e5 komme til at acceptere Guds sandhed med hele jeres hjerte og bede om, at Hellig\u00e5nden m\u00e5 lede jer. S\u00e5 vil I blive i stand til trofaste at tjene min S\u00f8n og vise Hans k\u00e6rlighed til andre med jeres liv. Som f\u00f8lge af min S\u00f8ns k\u00e6rlighed og min k\u00e6rlighed som moder str\u00e6ber jeg efter at bringe alle mine forvildede b\u00f8rn ind i min moderlige omfavnelse og at vise dem troens vej. Mine b\u00f8rn, hj\u00e6lp mig i min moderlige kamp og bed med mig, s\u00e5 at syndere m\u00e5 blive bevidste om deres synd og angre af hele deres hjerte. Bed ogs\u00e5 for dem, som min S\u00f8n har udvalgt og indviet i Hans navn. Tak!\u201d<\/p>\n<p><strong>Budskab til Marija d. 25. november 2012:<\/strong><br \/>\n\u201cK\u00e6re B\u00f8rn! I denne n\u00e5dens tid kalder jeg jer alle til fornyelse i b\u00f8n. \u00e5ben jer for det hellige skriftem\u00e5l, s\u00e5 at hver enkelt af jer kan komme til at acceptere mit kald med hele hjertet. Jeg er med jer og jeg beskytter jer fra syndens \u00f8del\u00e6ggelse, men I m\u00e5 \u00e5bne jer for omvendelsens og hellighedens vej, s\u00e5 jeres hjerte kan komme til at br\u00e6nde af k\u00e6rlighed til Gud. Giv Ham tid og Han vil give sig selv til jer og p\u00e5 den m\u00e5de i Guds vilje vil I opdage k\u00e6rligheden og gl\u00e6den ved at leve. Tak fordi I har svaret p\u00e5 mit kald!\u201d<\/p>\n<p><strong>Budskab til Mirjana d. 2. november 2012:<\/strong><br \/>\n\u201cK\u00e6re b\u00f8rn, som en moder beder jeg jer indtr\u00e6ngende om at holde ud som mine apostle. Jeg beder til min S\u00f8n, at Han vil give jer guddommelig visdom og styrke. Jeg beder om, at I m\u00e5 tolke alt omkring jer i overensstemmelse med Guds sandhed og v\u00e6re st\u00e6rke i jeres modstand mod alt, som \u00f8nsker at skille jer fra min S\u00f8n. Jeg beder om, at I m\u00e5 vidne om den Himmelske Faders k\u00e6rlighed if\u00f8lge min S\u00f8n. Mine b\u00f8rn, der er givet jer stor n\u00e5de til at vidne om Guds k\u00e6rlighed. Tag ikke det ansvar I har f\u00e5et let. G\u00f8r ikke mit moderhjerte ked af det. Som en moder \u00f8nsker jeg at stole p\u00e5 mine b\u00f8rn, p\u00e5 mine apostle. Gennem faste og b\u00f8rn \u00e5bner I vejen for mig, s\u00e5 jeg kan bede min S\u00f8n om, at Han vil v\u00e6re ved jeres side og at hans navn m\u00e5 blive helliget gennem jer. Bed for hyrderne, fordi intet af dette ville v\u00e6re muligt uden dem. Tak!\u201d<\/p>\n<p><strong>Budskab til Marija d. 25. oktober 2012:<\/strong><br \/>\n\u201cK\u00e6re b\u00f8rn! I dag kalder jeg jer til b\u00f8n for mine intentioner. Forny faste og b\u00f8n, fordi satan er listig og tiltr\u00e6kker mange hjerter til synd og fortabelse. Jeg kalder jer, sm\u00e5 b\u00f8rn, til hellighed og til at leve i n\u00e5de. Tilbed min S\u00f8n s\u00e5 Han kan fylde jer med Hans fred og k\u00e6rlighed, som I l\u00e6nges efter. Tak fordi I har svaret p\u00e5 mit kald!\u201d<\/p>\n<p><strong>Budskab til Mirjana d. 2. oktober 2012:<\/strong><br \/>\n\u201cK\u00e6re B\u00f8rn, jeg kalder p\u00e5 jer og jeg er her iblandt jer, fordi jeg beh\u00f8ver jer. Jeg beh\u00f8ver apostle med et rent hjerte. Jeg beder og I b\u00f8r ogs\u00e5 bede om, at Hellig\u00e5nden m\u00e5 opmuntre jer og lede jer, at Han m\u00e5 oplyse jer og fylde jer med k\u00e6rlighed og ydmyghed. Bed om at Han m\u00e5 fylde jer med n\u00e5de og barmhjertighed. Kun p\u00e5 den m\u00e5de vil I komme til at forst\u00e5 mig, mine b\u00f8rn. Kun da vil I forst\u00e5 min smerte p\u00e5 grund af dem, som ikke kender Guds k\u00e6rlighed. I vil oplyse vejen for dem, som har f\u00e5et \u00f8jne, men som ikke \u00f8nsker at se. Jeg \u00f8nsker, at alle mine b\u00f8rn m\u00e5 komme til at se min S\u00f8n. Jeg \u00f8nsker, at alle mine b\u00f8rn m\u00e5 komme til at opleve hans Rige. Jeg kalder jer atter og jeg opfordrer jer til at bede for dem, som min S\u00f8n har kaldet. Tak!\u201d<\/p>\n<p><strong>Budskab til Marija d. 25. september 2012:<\/strong><br \/>\n\u201cK\u00e6re b\u00f8rn! N\u00e5r I ser p\u00e5 rigdommen af farver i naturen, som den H\u00f8jeste giver jer, s\u00e5 \u00e5ben dit hjerte og bed med taknemmelighed for alt det gode, som du har og sig: \u201cJeg er skabt for evigheden\u201d \u2013 og str\u00e6b efter himmelske ting, fordi Gud elsker dig med en uendelig k\u00e6rlighed. Det er derfor, Han ogs\u00e5 har givet jer mig for at fort\u00e6lle jer: \u201d Kun i Gud er jeres fred og jeres h\u00e5b k\u00e6re b\u00f8rn.\u201d Tak fordi I har svaret p\u00e5 mit kald!\u201d<\/p>\n<p><strong>Budskab til Mirjana d. 2. september 2012:<\/strong><br \/>\n\u201cK\u00e6re b\u00f8rn, n\u00e5r jeg ser p\u00e5 jer, s\u00f8ger min sj\u00e6l de sj\u00e6le, som den \u00f8nsker at blive forenet med \u2013 de sj\u00e6le som har forst\u00e5et vigtigheden af b\u00f8n for de af mine b\u00f8rn, som ikke har erfaret den Himmelske Faders k\u00e6rlighed. Jeg kalder jer, fordi jeg beh\u00f8ver jer, accepter missionen og v\u00e6r ikke bange, jeg vil styrke jer. Med mit n\u00e6rv\u00e6r vil jeg tr\u00f8ste jer i sv\u00e6re stunder. Tak for jeres \u00e5bne hjerter. Bed for pr\u00e6sterne. Bed, at enheden mellem min S\u00f8n og dem m\u00e5 blive st\u00e6rkere, at de m\u00e5 blive et. Tak!\u201d<\/p>\n<p><strong>Budskab til Marija d. 25. august 2012:<\/strong><br \/>\n\u201cK\u00e6re b\u00f8rn! Ogs\u00e5 i dag, med h\u00e5b i hjertet, beder jeg for jer og takker den H\u00f8jeste for hver eneste af jer, som lever min budskaber med hjertet. Takket v\u00e6re Guds k\u00e6rlighed , kan jeg elske og lede hver enkelt af jer gennem mit Ubesmittede Hjerte ogs\u00e5 til omvendelse. \u00e5ben jeres hjerter og beslut jeg for hellighed, og h\u00e5b vil skabe gl\u00e6de i jeres hjerter. Tak fordi I har svaret p\u00e5 mit kald!\u201d<\/p>\n<p><strong>Budskab til Mirjana d. 2. august 2012:<\/strong><br \/>\n\u201cK\u00e6re b\u00f8rn, jeg er med jer og jeg giver ikke op. Jeg \u00f8nsker, at I skal komme til at kende min S\u00f8n. Jeg \u00f8nsker for mine b\u00f8rn, at de kommer til at v\u00e6re sammen med mig i det evige liv. Jeg \u00f8nsker for jer, at I f\u00f8ler gl\u00e6de og fred og at I opn\u00e5r evig frelse. Jeg beder om, at I m\u00e5 overvinde menneskelige svagheder. Jeg b\u00f8nfalder min S\u00f8n om, at give jer rene hjerter. Mine k\u00e6re b\u00f8rn, kun rene hjerter ved hvordan, de skal b\u00e6re et kors og ved hvordan, man skal ofre sig for alle de syndere, som har kr\u00e6nket den Himmelske Fader og som ogs\u00e5 i dag kr\u00e6nker Ham, selvom de ikke kender Ham. Jeg beder om, at I m\u00e5 komme til at kende lyset fra sand tro, som kun kommer fra b\u00f8n og rene hjerter. Det er, n\u00e5r I er der, at alle de som er n\u00e6r jer, vil f\u00f8le k\u00e6rligheden fra min S\u00f8n. Bed for dem, som min S\u00f8n har udvalgt til at lede jer p\u00e5 vejen til frelse. M\u00e5 I afholde jer fra enhver dom. Tak!\u201d<\/p>\n<p><strong>Budskab til Marija d. 25. juli 2012:<\/strong><br \/>\n\u201cK\u00e6re b\u00f8rn! I dag kalder jeg jer til det gode. V\u00e6r b\u00e6rere af fred og godhed i denne verden. Bed om at Gud m\u00e5 give dig styrke til at h\u00e5b og h\u00e6der altid m\u00e5 herske i dit hjerte og dit liv, fordi I er Guds b\u00f8rn og b\u00e6rere af Hans h\u00e5b for denne verden, som er uden gl\u00e6de i hjertet og er uden fremtid, fordi den ikke har sit hjerte \u00e5bent for Gud, som er jeres frelse. Tak fordi I har svaret p\u00e5 mit kald!\u201d<\/p>\n<p><strong>Budskab til Mirjana d. 2. juli 2012:<\/strong><br \/>\n\u201cMine b\u00f8rn! Igen, p\u00e5 en moderlig m\u00e5de, b\u00f8nfalder jeg jer om at stoppe op et \u00f8jeblik og reflektere over jer selv og p\u00e5 flygtigheden af dette dit jordiske liv. S\u00e5 t\u00e6nk p\u00e5 evigheden og den evige salighed. Hvad \u00f8nsker du? Hvilken vej \u00f8nsker du at g\u00e5 ud af? Faderens k\u00e6rlighed har sendt mig for at v\u00e6re en formidler for jer, til at vise jer, med moderlig k\u00e6rlighed, den vej som leder til sj\u00e6lens renhed, en sj\u00e6l som er befriet fra synd, en sj\u00e6l som vil komme til at kende evigheden. Jeg beder om, at lyset fra min S\u00f8ns k\u00e6rlighed m\u00e5 oplyse jer, s\u00e5 at I m\u00e5 vinde over svagheder og komme ud af elendighed. I er mine b\u00f8rn og jeg \u00f8nsker for jer alle, at I m\u00e5 v\u00e6re p\u00e5 vejen til frelse. Derfor, mine b\u00f8rn, saml jer omkring mig, s\u00e5 jeg kan f\u00e5 jer til at l\u00e6re min S\u00f8ns k\u00e6rlighed at kende og p\u00e5 den m\u00e5de \u00e5bne d\u00f8ren til evig salighed. Bed som jeg g\u00f8r for jeres hyrder. Igen anmoder jeg jer om ikke at d\u00f8mme dem, fordi min S\u00f8n v\u00e6lger dem. Tak!\u201d<\/p>\n<p><strong>Budskab til Marija d. 25. juni 2012:<\/strong><br \/>\n\u201cK\u00e6re b\u00f8rn! Med stort h\u00e5b i mit hjerte, kalder jeg jer ogs\u00e5 i dag til b\u00f8n. Hvis I beder, k\u00e6re b\u00f8rn, s\u00e5 er I med mig og I s\u00f8ger min S\u00f8ns vilje og lever den. V\u00e6r \u00e5bne og lev b\u00f8n og m\u00e5 hvert \u00f8jeblik v\u00e6re til behag og gl\u00e6de for din sj\u00e6l. Jeg er med jer og jeg g\u00e5r i forb\u00f8n for jer alle foran min S\u00f8n Jesus. Tak fordi I har svaret p\u00e5 mit kald!\u201d<\/p>\n<p><strong>Budskab til Mirjana d. 2. juni 2012:<\/strong><br \/>\n\u201cK\u00e6re b\u00f8rn, Jeg er hele tiden hos jer, fordi jeg med min uendelige k\u00e6rlighed \u00f8nsker at vise jer d\u00f8ren til Himlen. Jeg \u00f8nsker at fort\u00e6lle jer, hvordan den \u00e5bnes gennem godhed, barmhjertighed, k\u00e6rlighed og fred \u2013 gennem min S\u00f8n. Derfor \u2013 mine b\u00f8rn \u2013 spild ikke tiden p\u00e5 ubetydeligheder. Kun viden om min S\u00f8ns k\u00e6rlighed kan frelse dig. Gennem den frelsende k\u00e6rlighed og Hellig\u00e5nden v\u00e6lger Han mig og jeg sammen med Ham v\u00e6lger jer til at v\u00e6re Hans k\u00e6rligheds og viljes apostle. Mine b\u00f8rn, det er et stort ansvar, der hviler p\u00e5 jer. Jeg \u00f8nsker, at I med jeres eksempel hj\u00e6lpe syndere til at genvinderes deres syn, berige de fattige sj\u00e6le og bringe dem tilbage ind i min favn. Derfor: bed, bed, fast og g\u00e5 regelm\u00e6ssigt til skrifte. Hvis det at modtage min S\u00f8n i Eukaristien er centrum i jeres liv, s\u00e5 beh\u00f8ver I ikke at v\u00e6re bange, I kan g\u00f8re alt. Jeg er med jer. Hver dag beder jeg for hyrderne og jeg forventer, at I g\u00f8r det samme. Fordi \u2013 mine b\u00f8rn \u2013 uden deres ledelse og styrken ved deres velsignelse, kan I ikke g\u00f8re det. Tak!\u201d<\/p>\n<p><strong>Budskab til Marija d. 25. maj 2012:<\/strong><br \/>\n\u201cK\u00e6re b\u00f8rn! Ogs\u00e5 i dag kalder jeg jer til omvendelse og til hellighed. Gud \u00f8nsker at give jer gl\u00e6de og fred gennem b\u00f8n, men I k\u00e6re b\u00f8rn er stadig langt v\u00e6k \u2013 knyttet til jorden og til jordiske ting. Derfor, kalder jeg jer igen til at \u00e5bne jeres hjerte og jeres fokus p\u00e5 Gud og det der er af Gud \u2013 og s\u00e5 vil gl\u00e6de og fred komme til at herske i jeres hjerter. Tak fordi I har svaret p\u00e5 mit kald!\u201d<\/p>\n<p><strong>Budskab til Mirjana d. 2. maj 2012:<\/strong><br \/>\n\u201cK\u00e6re b\u00f8rn! Med moderlig k\u00e6rlighed beder jeg jer om at give mig jeres h\u00e6nder og tillade mig at lede jer. Jeg, som en moder, \u00f8nsker at frelse jer fra hvilel\u00f8shed, fortvivlelse og evigt eksil. Min S\u00f8n viste hvor meget Han elsker jer med sin d\u00f8d p\u00e5 korset. Han ofrede sig selv, for jeres skyld og for jeres synders skyld. Bliv ikke ved med at afvise Hans ofre og bliv ikke ved med at forny Hans lidelser med jeres synder. Bliv ikke ved med at lukke d\u00f8rene til himlen for jer selv. Mine b\u00f8rn, spild ikke tiden. Intet er mere vigtigt end enhed i min S\u00f8n. Jeg vil hj\u00e6lpe jer, fordi den Himmelske Fader sender mig, s\u00e5 vi sammen kan vise n\u00e5dens og frelsens vej til alle dem, som ikke kender Ham. Bliv ikke h\u00e5rdhjertede. Hav tillid i mig og tilbed min S\u00f8n. Mine b\u00f8rn, I kan ikke v\u00e6re uden hyrder. M\u00e5 de v\u00e6re i jeres b\u00f8nner hver dag. Tak!\u201d<\/p>\n<p><strong>Budskab til Marija d. 25. april 2012:<\/strong><br \/>\n\u201cK\u00e6re B\u00f8rn! Ogs\u00e5 i dag kalder jeg jer til b\u00f8n og m\u00e5 jeres hjerter \u2013 sm\u00e5 b\u00f8rn \u2013 \u00e5bne sig for Gud. som en blomst \u00e5bner sig for solens varme. Jeg er med jer og jeg beder for jer alle. Tak fordi I har svaret p\u00e5 mit kald!\u201d<\/p>\n<p><strong>Budskab til Mirjana d. 2. april 2012:<\/strong><br \/>\n\u201cK\u00e6re b\u00f8rn, som Fredens Dronning vil jeg gerne give jer freden, den sande fred, som kommer fra min guddommelige S\u00f8ns hjerte. Som Moder beder jeg om, at visdom, ydmyghed og godhed m\u00e5 begynde at herske, at freden m\u00e5 begynde at herske, at min S\u00f8n m\u00e5 begynde at herske. N\u00e5r min S\u00f8n bliver hersker i jeres hjerter, kan I hj\u00e6lpe de andre at l\u00e6re Ham at kende. N\u00e5r den himmelske fred hersker i jer, vil de mennesker l\u00e6re Ham at kende, som s\u00f8ger p\u00e5 de forkerte steder og s\u00e5ledes tilf\u00f8jer mit moderlige hjerte smerte. Mine b\u00f8rn, stor vil min gl\u00e6de blive, n\u00e5r jeg ser, at I tager imod mine ord. og at I \u00f8nsker at f\u00f8lge mig. Frygt ikke, I er ikke alene. Giv mig jeres h\u00e6nder, s\u00e5 vil jeg f\u00f8re jer. Glem ikke jeres hyrder! Bed for, at de altid i tankerne m\u00e5 v\u00e6re hos min S\u00f8n, som har kaldet dem til at vidne om Ham. Tak!\u201d<\/p>\n<p><strong>Budskab til Marija d. 25. marts 2012:<\/strong><br \/>\n\u201cK\u00e6re b\u00f8rn! Ogs\u00e5 i dag \u00f8nsker jeg, med gl\u00e6de, at give jer min moderlige velsignelse og at kalde jer til b\u00f8n. M\u00e5 b\u00f8n blive et behov for jer til at vokse mere i hellighed hver dag. Arbejd mere for jeres omvendelse, fordi I er langt borte, sm\u00e5 b\u00f8rn. Tak fordi I har svaret p\u00e5 mit kald!\u201d<\/p>\n<p><strong>Budskab til Mirjana d. 18. marts 2012:<\/strong><br \/>\n\u201cK\u00e6re b\u00f8rn! Jeg er hos jer, fordi jeg \u00f8nsker, at v\u00e6re jeres moder \u2013 jeres forbeder. Jeg \u00f8nsker at v\u00e6re b\u00e5ndet mellem jer og den Himmelske Fader \u2013 jeres medforl\u00f8ser. Jeg \u00f8nsker, at tage jer ved h\u00e5nden og g\u00e5 sammen med jer i kampen mod urene \u00e5nder. Mine b\u00f8rn, indvi jer fuldst\u00e6ndig til mig. Jeg vil tage jeres liv i mine moderlige h\u00e6nder og jeg vil l\u00e6re jer fred og k\u00e6rlighed og s\u00e5 vil jeg give jeres liv over til min S\u00f8n. Jeg beder jer om at bede og faste, fordi kun p\u00e5 den m\u00e5de vil I vide, hvordan I kan vidne om min S\u00f8n p\u00e5 den rette m\u00e5de gennem mit moderlige hjerte. Bed for jeres hyrder, at de sammen med min S\u00f8n altid kan forkynde Guds Ord med gl\u00e6de. Tak!\u201d<\/p>\n<p>Mirjana havde daglige \u00e5benbaringer indtil d. 25. december 1982.<br \/>\nUnder den sidste \u00e5benbaring fik hun den tiende hemmelighed og<br \/>\nJomfru Maria lovede hende, at hun ville vise sig for hende engang<br \/>\nom \u00e5ret d. 18. marts. Mange tusinde pilgrimme var samlet og bad<br \/>\nrosenkransen ved det Bl\u00e5 Kors, hvor \u00e5benbaringen fandt sted kl.<br \/>\n13.46 \u2013 13.50.<\/p>\n<p><strong>Budskab til Mirjana d. 2. marts 2012:<\/strong><br \/>\n\u201cK\u00e6re b\u00f8rn! Gennem Guds um\u00e5delige k\u00e6rlighed er jeg kommet her blandt jer og jeg kalder jer vedvarende ind i min S\u00f8ns arme. Med mit moderlige hjerte b\u00f8nfalder jeg jer mine b\u00f8rn, men jeg advarer jer ogs\u00e5 atter og atter om at omsorg for dem, som ikke er kommet til at kende min S\u00f8n, b\u00f8r v\u00e6re jeres f\u00f8rste prioritet. Tillad ikke, at de ved at se p\u00e5 jer og p\u00e5 jeres liv ikke bliver overv\u00e6ldet af et \u00f8nske om at komme til at l\u00e6re Ham at kende. Bed til Hellig\u00e5nden om at min S\u00f8n m\u00e5 virke i jer. Bed om at I kan blive det guddommelige lys\u00b4 apostle i denne tid med m\u00f8rke og h\u00e5bl\u00f8shed. Dette er jeres pr\u00f8velsestid. G\u00e5 med mig med en rosenkrans i h\u00e5nden og med k\u00e6rlighed i hjertet. Jeg leder jer hen imod P\u00e5ske i min S\u00f8n. Bed for dem, som Min s\u00f8n har udvalgt, at de altid kan leve igennem Ham og i Ham \u2013 Ypperstepr\u00e6sten, Tak!\u201d<\/p>\n<p><strong>Budskab til Marija d. 25. februar 2012:<\/strong><br \/>\n\u201cK\u00e6re b\u00f8rn, p\u00e5 dette tidspunkt kalder jeg jer p\u00e5 en s\u00e6rlig m\u00e5de: \u201cbed med hjertet\u201d. Sm\u00e5 b\u00f8rn, I taler meget og beder lidt. L\u00e6s og mediter over den Hellige Skrift og m\u00e5 de ord, som er skrevet i den blive livet for jer. Jeg opmuntre og elsker jer, s\u00e5ledes at I kan finde jeres fred og livsgl\u00e6de i Gud. Tak fordi I har svaret p\u00e5 mit kald!\u201d<\/p>\n<p><strong>Budskab til Mirjana d. 2. februar 2012:<\/strong><br \/>\n\u201cK\u00e6re b\u00f8rn! Jeg har v\u00e6ret med jer l\u00e6nge og jeg har l\u00e6nge gjort jer opm\u00e6rksom p\u00e5 Guds n\u00e6rv\u00e6r og Hans uendelige k\u00e6rlighed, som Jeg \u00f8nsker at I alle kommer til at kende. Og I mine b\u00f8rn? I forts\u00e6tter med at v\u00e6re d\u00f8ve og blinde, n\u00e5r I ser p\u00e5 verden omkring jer og \u00f8nsker ikke at se, hvor den bev\u00e6ger sig hen uden min S\u00f8n. I frasiger jer Ham \u2013 og Han er kilden til al n\u00e5de. I lytter til mig, n\u00e5r jeg taler til jer; men jeres hjerter er lukkede og I h\u00f8rer mig ikke. I beder ikke til Hellig\u00e5nden om at oplyse jer. Mine b\u00f8rn, stolthed er blevet reglen. Jeg viser jer ydmyghed. Mine b\u00f8rn, husk at kun den ydmyge sj\u00e6l skinner med renhed og sk\u00f8nhed fordi den er kommet til at kende Guds k\u00e6rlighed. Kun en ydmyg sj\u00e6l bliver himlen, fordi min s\u00f8n er i den. Tak. Igen beder jeg jer indtr\u00e6ngende om at bede for dem, som min s\u00f8n har udvalgt \u2013 dem som er jeres hyrder. Tak!\u201d<\/p>\n<p><strong>Budskab til Marija d. 25. januar 2012:<\/strong><br \/>\n\u201cK\u00e6re b\u00f8rn! Ogs\u00e5 i dag kalder jeg jer til at \u00e5bne jeres hjerter og lytte til mit kald. Jeg \u00f8nsker p\u00e5 ny at drage jer n\u00e6rmere til mit Ubesmittede Hjerte, hvor I vil finde beskyttelse og fred. \u00e5bn jer for b\u00f8n indtil det bliver en gl\u00e6de for jer. Gennem b\u00f8n, vil den H\u00f8jeste giver jer en overflod af n\u00e5de og I vil blive mine forl\u00e6ngede h\u00e6nder i denne hvilel\u00f8se verden, som l\u00e6nges efter fred. Sm\u00e5 b\u00f8rn lad jeres liv v\u00e6re et vidnesbyrd p\u00e5 tro og bed at tro m\u00e5 vokse dag for dag i jeres hjerter. Jeg er med jer. Tak fordi I har svaret p\u00e5 mit kald!\u201d<\/p>\n<p><strong>Budskab til Mirjana d. 2. januar 2012:<\/strong><br \/>\n\u201cK\u00e6re b\u00f8rn. Med moderlig bekymring ser jeg ind i jeres hjerter, i dem ser jeg smerte og lidelse. Jeg ser s\u00e5r fra fortiden og en uafladelig s\u00f8gen. Jeg ser mine b\u00f8rn, som l\u00e6nges efter at v\u00e6re lykkelige, men som ikke ved hvordan. \u00e5ben jer for Faderen. Det er vejen til lykke, den vej som jeg \u00f8nsker at lede jer af. Gud Faderen efterlader aldrig sine b\u00f8rn alene, s\u00e6rlig ikke i smerte og fortvivlelse. N\u00e5r I forst\u00e5r og accepterer dette, s\u00e5 vil I v\u00e6re lykkelige. Jeres s\u00f8gen vil v\u00e6re slut. I vil elske og I vil ikke v\u00e6re bange. Jeres liv vil v\u00e6re h\u00e5b og sandhed som er min S\u00f8n. Tak. Jeg beder jer indtr\u00e6ngende om at bede for dem, som min S\u00f8n har udvalgt. D\u00f8m ikke, fordi I vil alle blive d\u00f8mt.\u201d<\/p>\n<\/div>\n<\/article>\n<p>&nbsp;<\/p>\n<\/div>\n<\/div>\n<\/div>\n<footer id=\"colophon\" class=\"site-footer\" role=\"contentinfo\">\n<div class=\"wrap\"><\/div>\n<\/footer>\n","protected":false},"excerpt":{"rendered":"<p>Budskaber Medjugorje, 2012 Julebudskab til Marija d. 25. december 2012: Jomfru Maria kom med Jesusbarnet i sine arme og hun gav ikke noget budskab, men Jesusbarnet begyndte at tale og sagde: \u201d Jeg er jeres fred, lev mine bud!\u201d Med korsets tegn velsignede Jomfru Maria og Jesusbarnet os sammen. Budskab til Mirjana d. 2 december &hellip;<\/p>\n","protected":false},"author":1,"featured_media":0,"parent":0,"menu_order":0,"comment_status":"closed","ping_status":"closed","template":"","meta":{"footnotes":""},"class_list":["post-204","page","type-page","status-publish","hentry"],"_links":{"self":[{"href":"https:\/\/st.jacob.peberholm.dk\/index.php?rest_route=\/wp\/v2\/pages\/204","targetHints":{"allow":["GET"]}}],"collection":[{"href":"https:\/\/st.jacob.peberholm.dk\/index.php?rest_route=\/wp\/v2\/pages"}],"about":[{"href":"https:\/\/st.jacob.peberholm.dk\/index.php?rest_route=\/wp\/v2\/types\/page"}],"author":[{"embeddable":true,"href":"https:\/\/st.jacob.peberholm.dk\/index.php?rest_route=\/wp\/v2\/users\/1"}],"replies":[{"embeddable":true,"href":"https:\/\/st.jacob.peberholm.dk\/index.php?rest_route=%2Fwp%2Fv2%2Fcomments&post=204"}],"version-history":[{"count":3,"href":"https:\/\/st.jacob.peberholm.dk\/index.php?rest_route=\/wp\/v2\/pages\/204\/revisions"}],"predecessor-version":[{"id":231,"href":"https:\/\/st.jacob.peberholm.dk\/index.php?rest_route=\/wp\/v2\/pages\/204\/revisions\/231"}],"wp:attachment":[{"href":"https:\/\/st.jacob.peberholm.dk\/index.php?rest_route=%2Fwp%2Fv2%2Fmedia&parent=204"}],"curies":[{"name":"wp","href":"https:\/\/api.w.org\/{rel}","templated":true}]}}