{"id":21,"date":"2022-01-31T10:02:40","date_gmt":"2022-01-31T10:02:40","guid":{"rendered":"https:\/\/st.jacob.peberholm.dk\/?page_id=21"},"modified":"2022-02-14T18:46:01","modified_gmt":"2022-02-14T17:46:01","slug":"medjugorje","status":"publish","type":"page","link":"https:\/\/st.jacob.peberholm.dk\/?page_id=21","title":{"rendered":"Medjugorje"},"content":{"rendered":"\n<p>Jomfru Marias budskab til Mirjana, den 02. september 2009. :<\/p>\n\n\n\n<p>&#8220;K\u00e6re b\u00f8rn! I dag med et moderligt hjerte, kalder jeg jer til at l\u00e6re at tilgive, fuldst\u00e6ndigt og betingelsesl\u00f8st. I lider under uretf\u00e6rdighed, forr\u00e6deri, og forf\u00f8lgelse, men derved er I n\u00e6rmere ved og k\u00e6rere for Gud. Mine b\u00f8rn, bed om k\u00e6rlighedens gave. Kun k\u00e6rlighed tilgiver alt, ligesom min S\u00f8n tilgiver &#8211; f\u00f8lg Ham. Jeg er blandt jer og beder for at I, n\u00e5r I kommer frem foran jeres Fader, kan sige: &#8220;Her er jeg Far, jeg fulgte Din S\u00f8n. Jeg havde k\u00e6rlighed og tilgav med hjertet, fordi jeg troede p\u00e5 Din dom og stolede p\u00e5 Dig.&#8221; Tak!&#8221;<\/p>\n\n\n\n<p>Medjugorje er en landsby, gemt af vejen i bjergene n\u00e6r Mostar i Bosnien Herzegovina. Siden den 24. juni 1981, hvor det hele startede giver Jomfru Maria stadig dagligt sine budskaber til en fast gruppe af vision\u00e6rer, eller seere om man vil. Da det hele startede var seerne b\u00f8rn. Dengang var Bosnien en del af det kommunistiske Juogslavien, og regimet gjorde alt, hvad de kunne, for at undertrykke og forhindre at \u00e5benbaringerne fandt sted. N\u00e5r de blev forbudt et sted i landsbyen, rykkede de bare hen til et andet sted. I dag er seerne blevet voksne og har selv stiftet familie.<br><br>Gruppen af seks seere best\u00e5r af Vicka, Marija, Mirjana, Ivanka, Ivan og Jakov. Seerne har f\u00e5et forskellige opgaver. Vicka og Jakov beder specielt for de syge, Marija for munke, nonner og sj\u00e6lene i sk\u00e6rsilden, Mirjana for de ikke troende eller rettere for dem der endnu ikke har erfaret Guds k\u00e6rlighed. Ivan er is\u00e6r i forb\u00f8n for pr\u00e6ster og for de unge og Ivanka for \u00e6gteskaber og familier.<br><br>Daglige budskaber og 10 hemmeligheder:<br>Jomfru Maria giver seerne daglige budskaber, men giver dem ogs\u00e5 hver 10 hemmeligheder. N\u00e5r en seer modtager den tiende hemmelighed, er det slut med de daglige budskaber. N\u00e5r den sidste seer har modtaget den sidste hemmelighed, vil profetierne begynde at g\u00e5 i opfyldelse. Tre af seerne har modtaget alle 10 hemmeligheder, og de sidste har hver modtaget ni hemmeligheder. Indtil videre er sl\u00f8ret kun l\u00f8ftet for den ene hemmelighed: N\u00e5r samtlige seere har f\u00e5et alle hemmeligheder, vil der komme et synligt tegn p\u00e5 \u00e5benbaringsbjerget. Ingen vil v\u00e6re i tvivl om, at tegnet kommer fra Gud. Nogle af hemmelighederne siges at handle om Medjugorje, andre om verdens fremtid og fremtidige begivenheder. Nogle af begivenhederne vil v\u00e6re ret alvorlige, men kan mildnes gennem b\u00f8n og faste.<br><br>I stedet for atspekulere p\u00e5, hvad hemmelighederne m\u00e5tte g\u00e5 ud p\u00e5, b\u00f8r vi if\u00f8lge Jomfru Maria bede og vende tilbage til Gud, mens tid er. Vi lever i en speciel n\u00e5dens tid, hvor det vil v\u00e6re lettere at omvende sig; men denne tid varer ikke ved. Herefter vil det v\u00e6re sv\u00e6rere eller endda for sent.<br><br>Vi skal leve budskaberne:<br>Budskaberne er enkle, men rummer en stor dybde for dem, der tager dem til sig. Vi opfordres til ikke blot at l\u00e6se budskaberne, men til at leve dem. \u00e5rsagen til budskaberne er, at menneskeheden fjerner sig mere og mere fra Gud, og at verden derfor er ved at destruere sig selv. Mennesket af i dag er blevet materialistisk, gr\u00e5digt, egoistisk og selvforherligende.Vi tror, at alt kan forklares rationelt og har helt glemt vores guddommelige r\u00f8dder, og er kommet i splid med os selv. Jomfru Maria giver derfor budskaber til verden, for at lede os tilbage til den rette vej. Hun pr\u00e6senterer sig i Medjugorje som Fredens Dronning. Kun gennem b\u00f8n kan vi n\u00e5 den indre fred. Uden indre fred kan vi ikke skabe fred i verden omkring os, og uden fred g\u00e5r verden til grunde.<br><br>De fem sten:<br>Som de fem sten David f\u00e6ldede Goliath med, giver Jomfru Maria os fem hj\u00e6lpemidler med hvilke vi kan redde verden: b\u00f8n, faste, skriftem\u00e5l, daglig bibell\u00e6sning og den hellige messe.<br><br>1. B\u00f8n er meget st\u00e6rkt v\u00e5ben, og kan virkeligt skabe mirakler, ikke bare p\u00e5 det personlige plan, men ogs\u00e5 i de store sammenh\u00e6nge. Vi opfordres til at bede rosenkransen dagligt, gerne hele rosenkransen, d.v.s alle mysterierne. Rosenkransen er en meget st\u00e6rk meditativ b\u00f8n, som kan holde satan og alle onde kr\u00e6fter v\u00e6k. B\u00f8n virker endnu st\u00e6rkere, hvis vi beder i f\u00e6llesskab med andre som i familien, kirken eller bedegrupper. B\u00f8n er en samtale med Gud, hvor man lytter med hjertet. Det vil sige det er en tovejskommunikation og ikke en \u00f8nskeliste, hvor jeg kun fremf\u00f8rer, hvad jeg godt kunne t\u00e6nke mig; men gennem b\u00f8n og reflektion erfarer jeg, hvad Gud \u00f8nsker af mig. Det er vigtigt i denne kommunikation, ogs\u00e5 at takke og lovprise Gud.<br><br>2. Faste er s\u00e6redeles virkningsfuld. Vi opfordres til udover at faste i Fastetiden, de 40 dage fra Askeonsdag til Langfredag, ogs\u00e5 at faste om onsdagen og fredagen. Den bedste faste er p\u00e5 vand og br\u00f8d. At faste er ikke at f\u00f8lge en kur eller kun spise p\u00e5 bestemte tidspunkter af d\u00f8gnet, men i en periode at skrue ned for fokus p\u00e5 egne behov og leve simpelt. B\u00f8n og faste h\u00f8rer sammen. Ved at faste og bede rosenkransen kan krige forhindres og naturkatastrofer afv\u00e6rges. I Biblen h\u00f8rer vi om fasten, og om at visse onde kr\u00e6fter og d\u00e6moner kun kan uddrives med b\u00f8n og faste. Faste h\u00f8rer ogs\u00e5 sammen med at give almisse og s\u00e5ledes fokusere p\u00e5 andres og ikke kun egne behov.<br><br>3. Skriftem\u00e5let er uhyre vigtigt. Her bekender vi vore synder, de fejl vi har beg\u00e5et eller de gode gerninger, vi har undladt at g\u00f8re. Jesus er selv tilstede i pr\u00e6stens skikkelse og tilgiver os vore synder, forudsat at vi skrifter dem med oprigtig fortrydelse og anger. Det fritager os naturligvis ikke for, hvad vi m\u00e5tte have af mellemv\u00e6rende med andre personligt og juridisk. Jomfru Maria siger, at vi b\u00f8r skrifte mindst en gang om m\u00e5neden.<br><br>4. Biblen er den sande \u00e5benbaring, og er Guds ord til os. Vi b\u00f8r dagligt l\u00e6se i den og lade den ligge fremme, i stedet for bare at gemme den v\u00e6k i en reol.<br><br>5. Deltagelse i kommunionen i den hellige messe er Guds gave til os. Vi b\u00f8r deltage i messen s\u00e5 ofte som muligt. Jomfru Maria har sagt, at hvis seerne skulle v\u00e6lge mellem hendes \u00e5benbaringer og deltagelse i messen, skulle de til enhver tid v\u00e6lge messen. Man b\u00f8r komme i god tid til messen for i stilhed at forberede sig til at modtage Kristus i kommunionen, og efter messen sidde en tid i stille andagt. I messen m\u00f8der vi Kristus og her aktualiseres korsofret for os. Her d\u00f8r og opst\u00e5r Kristus for os, her og nu. Ogs\u00e5 tilbedelsen af Det Hellige Sakramente er vigigt. Ved tilbedelsen stilles det indviede nadverbr\u00f8d frem p\u00e5 alteret i en monstransen ( en lille beholder der minder om en sol. I monstransen er der en lille rude, hvor man ser det udstillede br\u00f8d). Det udstillede br\u00f8d som er forvandlet til Kristi Legeme i messens eukaristiske fejring, er Kristus selv, der st\u00e5r lyslevende for os p\u00e5 alteret. For os katolikker er det ikke bare symbolsk, men konkret og fysisk.<br><br>De to bjerge:<br>Medjugorje betyder byen mellem bjergene. Der er to bjerge ved Medjugorje. Det ene er \u00e5benbaringsbjerget (Podboro), hvor b\u00f8rnene f\u00f8rst m\u00f8dte Jomfru Maria, da \u00e5benbaringerne startede. Her er der bedestationer\/billeder af rosenkransens oprindelige tre mysterier. Billeder af det fjerde mysterie er senere tilf\u00f8jet i omr\u00e5det bag kirken. Det andet bjerg er Korsbjerget (Krizevac). Her opf\u00f8rtes allerede i 1933 et stort hvidt kors. P\u00e5 stien op til toppen er der 14 stationer med billeder fra Jesu Lidelsesvej, der svarer til de 14 stationer p\u00e5 Via Dolorosa i Jerusalem, og som ogs\u00e5 findes i enhver katolsk kirke, stor som lille. Bjerget vrimler med bedende pilgrimme p\u00e5 alle tider af d\u00f8gnet. Jomfru Maria siger, at hun selv hver dag beder foran korset p\u00e5 toppen af bjerget.<br><br>Tegn og undere:<br>Mange af Medjugorjepilgrimmene kommer nok til Medjugorje i h\u00e5b om at opleve et mirakel, en helbredelse eller blot for at m\u00f8de seerne eller h\u00f8re dem tale til pilgrimmene. Man har hidtil kunnet v\u00e6re tilstede ved Jomfu Marias m\u00e5nedelige \u00e5benbaring til Mirjana, hver den 2. i m\u00e5neden. Disse m\u00e5nedlige \u00e5bebaringer startede i 1997 og sidste \u00e5benbaring den 2. i m\u00e5neden stoppede to uger f\u00f8r Coronapandemien br\u00f8d ud. Et tilf\u00e6lde? Tjah, man kan jo l\u00e6gge det i det, man vil; men pandemien har ikke v\u00e6ret n\u00e6vnt i budskaberne til dato.<br><br>Der sker mange tegn, undere og mirakler i Medjugorje, og mange ordensfok og pr\u00e6ster har oplevet at f\u00e5 deres kald p\u00e5 en rejse til Medjugorje. Nogle oplever m\u00e5ske ligefrem solunderet, hvor solens lys begynder at pulsere kraftigt, skifte farve eller solskiven begynder at rotere vildt om sin egen akse. Det m\u00e5 dog kraftig frar\u00e5des, at st\u00e5 og stirre op i solen, da man jo let kan miste synet ved det. Mange oplever ogs\u00e5 helbredelse enten \u00e5ndeligt eller fysisk.<br><br>I Medjugorje findes ogs\u00e5 et behandlingshjem, Cenakolo, for stofmisbrugere, hvor man har stort held med at kurere misbrugerne via b\u00f8n og h\u00e5rdt fysisk arbejde. Det er utroligt gribende at h\u00f8re misbrugernes livshistorie og at h\u00f8re, hvordan mange af dem har overvundet krisen med Guds hj\u00e6lp. Man skal dog ikke fokusere p\u00e5 eller ops\u00f8ge mirakler. Hvis det er meningen man skal opleve dem. skal de nok komme af sig selv.<br><br>Under det daglige aftenprogram, der varer sm\u00e5 tre timer og hovedsageligt best\u00e5r af rosenkransb\u00f8n, messe og tilbedelse af det hellige sakramenter, er der is\u00e6r under tilbedelsen ofte s\u00e5 stille, at man vil kunne h\u00f8re en m\u00f8nt falde til jorden, selvom der er forsamlet over 5000 troende. Det st\u00f8rste under er nok den ubeskrivelige fred og intense stemning af b\u00f8n, der hviler over stedet, og ikke mindst de millioner af pilgrimme, der vender tilbage til Gud, eller er blevet styrket i troen efter at have bes\u00f8gt Medjugorje. Det er de f\u00e6rreste, der kommer hjem fra Medjugorje uber\u00f8rt.<br><br>Over 40 millioner pilgrimme har bes\u00f8gt Medjugorje, siden \u00e5benbaringerne 24. juni 1981 startede p\u00e5 festen for Johannes D\u00f8beren, forl\u00f8beren for Kristi komme. Fra Danmark arrangeres der hvert \u00e5r pilgrimsrejser til Medjugorje.<br><br>Om de mange pilgrimme har Jomfru Maria sagt, at ingen kommer til Medjugorje ved et tilf\u00e6lde, men er personligt inviteret af hende. Man kan finde mere om Medjugorje og Jomfru Marias budskaber p\u00e5 medjugorje.dk og medjugorjecenter.dk. Se links nedenfor.<br><br>Apostlenes Gerninger 13. v41: &#8220;Se jer om, I som er fulde af foragt! I skal blive stumme af undren og g\u00e5 til grunde, for jeg udf\u00f8rer en gerning i jeres dage, en gerning, som I ikke ville tro, hvis nogen fortalte jer om den.&#8221;<\/p>\n\n\n\n<p>Nogle links til andre sider om Medjugorje:<\/p>\n\n\n\n<p><a href=\"http:\/\/www.medjugorjecenter.dk\/\">Katolsk Medjugorje Center Danmark<\/a>&nbsp;Du her kan l\u00e6se mere om Medjugorje, nyeste budskaber fra Medjugorje, kommende pilgrimsrejser e.t.c.<br><a href=\"http:\/\/www.medjugorje.dk\/\">Medjugorje.dk&nbsp;<\/a>Du kan her l\u00e6se mere om Medjugorje og de \u00e6ldre budskaber fra Medjugorje<br><a href=\"https:\/\/www.medjugorje.org\/messagesall.htm\">Our Lady&#8217;s Messages&nbsp;<\/a>Du kan l\u00e6se budskaberne fra Medjugorje p\u00e5 engelsk her.<br><a href=\"https:\/\/www.youtube.com\/watch?v=NN0d4A_1BQw\">Seeren Ivan&nbsp;<\/a>Seeren Ivan&#8217;s vidnesbyrd 2013<\/p>\n\n\n\n<div class=\"wp-block-image\"><figure class=\"aligncenter size-full\"><img loading=\"lazy\" decoding=\"async\" width=\"1024\" height=\"768\" src=\"https:\/\/st.jacob.peberholm.dk\/wp-content\/uploads\/2022\/01\/DenopstandneKristus001.jpg\" alt=\"\" class=\"wp-image-24\" srcset=\"https:\/\/st.jacob.peberholm.dk\/wp-content\/uploads\/2022\/01\/DenopstandneKristus001.jpg 1024w, https:\/\/st.jacob.peberholm.dk\/wp-content\/uploads\/2022\/01\/DenopstandneKristus001-300x225.jpg 300w, https:\/\/st.jacob.peberholm.dk\/wp-content\/uploads\/2022\/01\/DenopstandneKristus001-768x576.jpg 768w\" sizes=\"auto, (max-width: 1024px) 100vw, 1024px\" \/><figcaption>Medjugorje, Den Opstandne Kristus<\/figcaption><\/figure><\/div>\n","protected":false},"excerpt":{"rendered":"<p>Jomfru Marias budskab til Mirjana, den 02. september 2009. : &#8220;K\u00e6re b\u00f8rn! I dag med et moderligt hjerte, kalder jeg jer til at l\u00e6re at tilgive, fuldst\u00e6ndigt og betingelsesl\u00f8st. I lider under uretf\u00e6rdighed, forr\u00e6deri, og forf\u00f8lgelse, men derved er I n\u00e6rmere ved og k\u00e6rere for Gud. Mine b\u00f8rn, bed om k\u00e6rlighedens gave. Kun k\u00e6rlighed tilgiver &hellip;<\/p>\n","protected":false},"author":1,"featured_media":0,"parent":0,"menu_order":0,"comment_status":"closed","ping_status":"closed","template":"","meta":{"footnotes":""},"class_list":["post-21","page","type-page","status-publish","hentry"],"_links":{"self":[{"href":"https:\/\/st.jacob.peberholm.dk\/index.php?rest_route=\/wp\/v2\/pages\/21","targetHints":{"allow":["GET"]}}],"collection":[{"href":"https:\/\/st.jacob.peberholm.dk\/index.php?rest_route=\/wp\/v2\/pages"}],"about":[{"href":"https:\/\/st.jacob.peberholm.dk\/index.php?rest_route=\/wp\/v2\/types\/page"}],"author":[{"embeddable":true,"href":"https:\/\/st.jacob.peberholm.dk\/index.php?rest_route=\/wp\/v2\/users\/1"}],"replies":[{"embeddable":true,"href":"https:\/\/st.jacob.peberholm.dk\/index.php?rest_route=%2Fwp%2Fv2%2Fcomments&post=21"}],"version-history":[{"count":4,"href":"https:\/\/st.jacob.peberholm.dk\/index.php?rest_route=\/wp\/v2\/pages\/21\/revisions"}],"predecessor-version":[{"id":151,"href":"https:\/\/st.jacob.peberholm.dk\/index.php?rest_route=\/wp\/v2\/pages\/21\/revisions\/151"}],"wp:attachment":[{"href":"https:\/\/st.jacob.peberholm.dk\/index.php?rest_route=%2Fwp%2Fv2%2Fmedia&parent=21"}],"curies":[{"name":"wp","href":"https:\/\/api.w.org\/{rel}","templated":true}]}}